{"id":802,"date":"2020-02-06T11:49:47","date_gmt":"2020-02-06T11:49:47","guid":{"rendered":"http:\/\/www.kranprofisallgaeu.de\/?page_id=802"},"modified":"2020-03-26T22:14:14","modified_gmt":"2020-03-26T22:14:14","slug":"kontakt","status":"publish","type":"page","link":"https:\/\/www.kranprofisallgaeu.de\/?page_id=802","title":{"rendered":"Kontakt"},"content":{"rendered":"\n<p> KRANprofis Allg\u00e4u GmbH \u2022 Germaringer Stra\u00dfe 43 \u2022 87666 Pforzen<br> Telefon: 08346-98 29-0 \u2022 Telefax: 08346-98 29-29<br> info [at] kranprofis.de \u2022 www.kranprofis.de <\/p>\n\n\n\n<iframe loading=\"lazy\" src=\"https:\/\/www.google.com\/maps\/embed?pb=!1m18!1m12!1m3!1d1336.7566603993948!2d10.625000467346819!3d47.92645361378697!2m3!1f0!2f0!3f0!3m2!1i1024!2i768!4f13.1!3m3!1m2!1s0x479c1360ab5dc295%3A0x6dda4d8617a1506e!2sKranprofis%20Allg%C3%A4u%20GmbH!5e0!3m2!1sde!2sde!4v1585237346833!5m2!1sde!2sde\" style=\"border:0;\" allowfullscreen=\"\" aria-hidden=\"false\" tabindex=\"0\" width=\"800\" height=\"600\" frameborder=\"0\"><\/iframe>\n\n\n\n<p><br><br><\/p>\n\n\n\n<p><br><\/p>\n\n\n\n<p class=\"has-large-font-size\"><strong>Stellenausschreibung<\/strong><\/p>\n\n\n\n<p class=\"has-text-color has-background has-medium-font-size has-white-color has-blue-background-color\"><strong>Autokranfahrer (m\/w\/d)<\/strong><\/p>\n\n\n\n<p class=\"has-normal-font-size\">Haben Sie bereits Erfahrung im F\u00fchren von Autokranen?<br>Oder suchen Sie eine berufliche M\u00f6glichkeit in der Hebetechnik?<br>Wir bilden Sie aus, F\u00fchrerschein in der Klasse C und CE sind Voraussetzung.<\/p>\n\n\n\n<p class=\"has-small-font-size\">Schriftliche\/Telefonische Bewerbungen an <strong>KRANprofis Allg\u00e4u GmbH<\/strong>  \u2022  <strong>Peter V\u00f6lker<\/strong><br>Germaringer Stra\u00dfe 43  \u2022  87666 Pforzen  \u2022  info [at] kranprofis.de  \u2022  08346 98290<\/p>\n\n\n\n<p>&nbsp;<\/p>\n<p>&nbsp;<\/p>\n\n\n\n<p class=\"has-text-color has-background has-medium-font-size has-white-color has-blue-background-color\"><strong>Kranmonteur (m\/w\/d)<\/strong><\/p>\n\n\n\n<p>Sie sind mechanisch und\/oder elektrisch begabt und\/oder ausgebildet?<br>Sie sind schwindelfrei und arbeiten gerne im Freien?<br>Abwechslungsreiche, ungew\u00f6hnliche T\u00e4tigkeiten sind hier Programm.<\/p>\n\n\n\n<p class=\"has-small-font-size\">Schriftliche\/Telefonische Bewerbungen an <strong>KRANprofis Allg\u00e4u GmbH<\/strong>  \u2022  <strong>Peter V\u00f6lker<\/strong><br>Germaringer Stra\u00dfe 43  \u2022  87666 Pforzen  \u2022  info [at] kranprofis.de  \u2022  08346 98290 <\/p>\n\n\n\n<p>&nbsp;<\/p>\n<p>&nbsp;<\/p>\n\n\n\n<p class=\"has-text-color has-background has-medium-font-size has-white-color has-blue-background-color\"><strong>LKW-Fahrer (m\/w\/d)<\/strong><\/p>\n\n\n\n<p>M\u00f6chten Sie Spektakul\u00e4res transportieren?<br>Und so gut wie jeden Tag an unseren Standort zur\u00fcckkehren?<br>Wir bieten dem Inhaber der FSK C und CE ein breitgef\u00e4chertes Spektrum im Transportbereich in einem jungen Kreis von Kollegen\/innen. <br>F\u00fchlen Sie sich angesprochen?<\/p>\n\n\n\n<p class=\"has-small-font-size\">Schriftliche\/Telefonische Bewerbungen an <strong>KRANprofis Allg\u00e4u GmbH<\/strong>  \u2022  <strong>Peter V\u00f6lker<\/strong><br>Germaringer Stra\u00dfe 43  \u2022  87666 Pforzen  \u2022  info [at] kranprofis.de  \u2022  08346 98290 <\/p>\n\n\n\n<p>&nbsp;<\/p>\n<p>&nbsp;<\/p>\n","protected":false},"excerpt":{"rendered":"<p>KRANprofis Allg\u00e4u GmbH \u2022 Germaringer Stra\u00dfe 43 \u2022 87666 Pforzen Telefon: 08346-98 29-0 \u2022 Telefax: 08346-98 29-29 info [at] kranprofis.de \u2022 www.kranprofis.de Stellenausschreibung Autokranfahrer (m\/w\/d) Haben Sie bereits Erfahrung im F\u00fchren von Autokranen?Oder suchen Sie eine berufliche M\u00f6glichkeit in der &hellip; <a href=\"https:\/\/www.kranprofisallgaeu.de\/?page_id=802\">Weiterlesen <span class=\"meta-nav\">&rarr;<\/span><\/a><\/p>\n","protected":false},"author":3,"featured_media":1092,"parent":0,"menu_order":6,"comment_status":"closed","ping_status":"closed","template":"","meta":{"footnotes":""},"class_list":["post-802","page","type-page","status-publish","has-post-thumbnail","hentry"],"_links":{"self":[{"href":"https:\/\/www.kranprofisallgaeu.de\/index.php?rest_route=\/wp\/v2\/pages\/802","targetHints":{"allow":["GET"]}}],"collection":[{"href":"https:\/\/www.kranprofisallgaeu.de\/index.php?rest_route=\/wp\/v2\/pages"}],"about":[{"href":"https:\/\/www.kranprofisallgaeu.de\/index.php?rest_route=\/wp\/v2\/types\/page"}],"author":[{"embeddable":true,"href":"https:\/\/www.kranprofisallgaeu.de\/index.php?rest_route=\/wp\/v2\/users\/3"}],"replies":[{"embeddable":true,"href":"https:\/\/www.kranprofisallgaeu.de\/index.php?rest_route=%2Fwp%2Fv2%2Fcomments&post=802"}],"version-history":[{"count":33,"href":"https:\/\/www.kranprofisallgaeu.de\/index.php?rest_route=\/wp\/v2\/pages\/802\/revisions"}],"predecessor-version":[{"id":1093,"href":"https:\/\/www.kranprofisallgaeu.de\/index.php?rest_route=\/wp\/v2\/pages\/802\/revisions\/1093"}],"wp:featuredmedia":[{"embeddable":true,"href":"https:\/\/www.kranprofisallgaeu.de\/index.php?rest_route=\/wp\/v2\/media\/1092"}],"wp:attachment":[{"href":"https:\/\/www.kranprofisallgaeu.de\/index.php?rest_route=%2Fwp%2Fv2%2Fmedia&parent=802"}],"curies":[{"name":"wp","href":"https:\/\/api.w.org\/{rel}","templated":true}]}}

<p> KRANprofis Allgäu GmbH • Germaringer Straße 43 • 87666 Pforzen<br> Telefon: 08346-98 29-0 • Telefax: 08346-98 29-29<br> info [at] kranprofis.de • www.kranprofis.de </p>



<iframe loading="lazy" src="https://www.google.com/maps/embed?pb=!1m18!1m12!1m3!1d1336.7566603993948!2d10.625000467346819!3d47.92645361378697!2m3!1f0!2f0!3f0!3m2!1i1024!2i768!4f13.1!3m3!1m2!1s0x479c1360ab5dc295%3A0x6dda4d8617a1506e!2sKranprofis%20Allg%C3%A4u%20GmbH!5e0!3m2!1sde!2sde!4v1585237346833!5m2!1sde!2sde" style="border:0;" allowfullscreen="" aria-hidden="false" tabindex="0" width="800" height="600" frameborder="0"></iframe>



<p><br><br></p>



<p><br></p>



<p class="has-large-font-size"><strong>Stellenausschreibung</strong></p>



<p class="has-text-color has-background has-medium-font-size has-white-color has-blue-background-color"><strong>Autokranfahrer (m/w/d)</strong></p>



<p class="has-normal-font-size">Haben Sie bereits Erfahrung im Führen von Autokranen?<br>Oder suchen Sie eine berufliche Möglichkeit in der Hebetechnik?<br>Wir bilden Sie aus, Führerschein in der Klasse C und CE sind Voraussetzung.</p>



<p class="has-small-font-size">Schriftliche/Telefonische Bewerbungen an <strong>KRANprofis Allgäu GmbH</strong>  •  <strong>Peter Völker</strong><br>Germaringer Straße 43  •  87666 Pforzen  •  info [at] kranprofis.de  •  08346 98290</p>



<p>&nbsp;</p>
<p>&nbsp;</p>



<p class="has-text-color has-background has-medium-font-size has-white-color has-blue-background-color"><strong>Kranmonteur (m/w/d)</strong></p>



<p>Sie sind mechanisch und/oder elektrisch begabt und/oder ausgebildet?<br>Sie sind schwindelfrei und arbeiten gerne im Freien?<br>Abwechslungsreiche, ungewöhnliche Tätigkeiten sind hier Programm.</p>



<p class="has-small-font-size">Schriftliche/Telefonische Bewerbungen an <strong>KRANprofis Allgäu GmbH</strong>  •  <strong>Peter Völker</strong><br>Germaringer Straße 43  •  87666 Pforzen  •  info [at] kranprofis.de  •  08346 98290 </p>



<p>&nbsp;</p>
<p>&nbsp;</p>



<p class="has-text-color has-background has-medium-font-size has-white-color has-blue-background-color"><strong>LKW-Fahrer (m/w/d)</strong></p>



<p>Möchten Sie Spektakuläres transportieren?<br>Und so gut wie jeden Tag an unseren Standort zurückkehren?<br>Wir bieten dem Inhaber der FSK C und CE ein breitgefächertes Spektrum im Transportbereich in einem jungen Kreis von Kollegen/innen. <br>Fühlen Sie sich angesprochen?</p>



<p class="has-small-font-size">Schriftliche/Telefonische Bewerbungen an <strong>KRANprofis Allgäu GmbH</strong>  •  <strong>Peter Völker</strong><br>Germaringer Straße 43  •  87666 Pforzen  •  info [at] kranprofis.de  •  08346 98290 </p>



<p>&nbsp;</p>
<p>&nbsp;</p>

<p>KRANprofis Allgäu GmbH • Germaringer Straße 43 • 87666 Pforzen Telefon: 08346-98 29-0 • Telefax: 08346-98 29-29 info [at] kranprofis.de • www.kranprofis.de Stellenausschreibung Autokranfahrer (m/w/d) Haben Sie bereits Erfahrung im Führen von Autokranen?Oder suchen Sie eine berufliche Möglichkeit in der &hellip; <a href="https://www.kranprofisallgaeu.de/?page_id=802">Weiterlesen <span class="meta-nav">&rarr;</span></a></p>
