{"id":736,"date":"2020-01-12T10:16:47","date_gmt":"2020-01-12T10:16:47","guid":{"rendered":"http:\/\/www.kranprofisallgaeu.de\/?page_id=736"},"modified":"2020-03-26T22:53:28","modified_gmt":"2020-03-26T22:53:28","slug":"grossvolumen","status":"publish","type":"page","link":"https:\/\/www.kranprofisallgaeu.de\/?page_id=736","title":{"rendered":"Gro\u00dfvolumen"},"content":{"rendered":"\n<p>Kessel, Gro\u00dfgaragen, \u00fcbergro\u00dfe Wandelemente sowie Betonfertigteilst\u00fctzen mit angeformten Fundamenten sind die typischen G\u00fcter f\u00fcr Transporte von unteilbaren Ladungen.<\/p>\n\n\n\n<p><\/p>\n\n\n\n<p>&nbsp;<\/p>\n<p>&nbsp;<\/p>\n\n\n\n<p><\/p>\n","protected":false},"excerpt":{"rendered":"<p>Kessel, Gro\u00dfgaragen, \u00fcbergro\u00dfe Wandelemente sowie Betonfertigteilst\u00fctzen mit angeformten Fundamenten sind die typischen G\u00fcter f\u00fcr Transporte von unteilbaren Ladungen. &nbsp; &nbsp;<\/p>\n","protected":false},"author":3,"featured_media":1094,"parent":504,"menu_order":4,"comment_status":"closed","ping_status":"closed","template":"","meta":{"footnotes":""},"class_list":["post-736","page","type-page","status-publish","has-post-thumbnail","hentry"],"_links":{"self":[{"href":"https:\/\/www.kranprofisallgaeu.de\/index.php?rest_route=\/wp\/v2\/pages\/736","targetHints":{"allow":["GET"]}}],"collection":[{"href":"https:\/\/www.kranprofisallgaeu.de\/index.php?rest_route=\/wp\/v2\/pages"}],"about":[{"href":"https:\/\/www.kranprofisallgaeu.de\/index.php?rest_route=\/wp\/v2\/types\/page"}],"author":[{"embeddable":true,"href":"https:\/\/www.kranprofisallgaeu.de\/index.php?rest_route=\/wp\/v2\/users\/3"}],"replies":[{"embeddable":true,"href":"https:\/\/www.kranprofisallgaeu.de\/index.php?rest_route=%2Fwp%2Fv2%2Fcomments&post=736"}],"version-history":[{"count":5,"href":"https:\/\/www.kranprofisallgaeu.de\/index.php?rest_route=\/wp\/v2\/pages\/736\/revisions"}],"predecessor-version":[{"id":1096,"href":"https:\/\/www.kranprofisallgaeu.de\/index.php?rest_route=\/wp\/v2\/pages\/736\/revisions\/1096"}],"up":[{"embeddable":true,"href":"https:\/\/www.kranprofisallgaeu.de\/index.php?rest_route=\/wp\/v2\/pages\/504"}],"wp:featuredmedia":[{"embeddable":true,"href":"https:\/\/www.kranprofisallgaeu.de\/index.php?rest_route=\/wp\/v2\/media\/1094"}],"wp:attachment":[{"href":"https:\/\/www.kranprofisallgaeu.de\/index.php?rest_route=%2Fwp%2Fv2%2Fmedia&parent=736"}],"curies":[{"name":"wp","href":"https:\/\/api.w.org\/{rel}","templated":true}]}}

Großvolumen

<p>Kessel, Großgaragen, übergroße Wandelemente sowie Betonfertigteilstützen mit angeformten Fundamenten sind die typischen Güter für Transporte von unteilbaren Ladungen.</p>



<p></p>



<p>&nbsp;</p>
<p>&nbsp;</p>



<p></p>

<p>Kessel, Großgaragen, übergroße Wandelemente sowie Betonfertigteilstützen mit angeformten Fundamenten sind die typischen Güter für Transporte von unteilbaren Ladungen. &nbsp; &nbsp;</p>
