{"id":732,"date":"2020-01-12T10:15:43","date_gmt":"2020-01-12T10:15:43","guid":{"rendered":"http:\/\/www.kranprofisallgaeu.de\/?page_id=732"},"modified":"2020-03-26T22:06:48","modified_gmt":"2020-03-26T22:06:48","slug":"fertigteile","status":"publish","type":"page","link":"https:\/\/www.kranprofisallgaeu.de\/?page_id=732","title":{"rendered":"Fertigteile"},"content":{"rendered":"\n<p>Mit dem sehr effizienten Palettensystem werden vor allem \u00fcberhohe Wandelemente transportiert, die dann vor Ort nicht sofort entladen werden m\u00fcssen, da sie mit den Paletten abgesetzt werden. <\/p>\n\n\n\n<ul class=\"wp-block-list\"><li><a href=\"https:\/\/www.ftw-allgaeu.de\">FTW Allg\u00e4u GmbH<\/a><\/li><\/ul>\n\n\n\n<p>&nbsp;<\/p>\n<p>&nbsp;<\/p>\n","protected":false},"excerpt":{"rendered":"<p>Mit dem sehr effizienten Palettensystem werden vor allem \u00fcberhohe Wandelemente transportiert, die dann vor Ort nicht sofort entladen werden m\u00fcssen, da sie mit den Paletten abgesetzt werden. FTW Allg\u00e4u GmbH &nbsp; &nbsp;<\/p>\n","protected":false},"author":3,"featured_media":1089,"parent":504,"menu_order":2,"comment_status":"closed","ping_status":"closed","template":"","meta":{"footnotes":""},"class_list":["post-732","page","type-page","status-publish","has-post-thumbnail","hentry"],"_links":{"self":[{"href":"https:\/\/www.kranprofisallgaeu.de\/index.php?rest_route=\/wp\/v2\/pages\/732","targetHints":{"allow":["GET"]}}],"collection":[{"href":"https:\/\/www.kranprofisallgaeu.de\/index.php?rest_route=\/wp\/v2\/pages"}],"about":[{"href":"https:\/\/www.kranprofisallgaeu.de\/index.php?rest_route=\/wp\/v2\/types\/page"}],"author":[{"embeddable":true,"href":"https:\/\/www.kranprofisallgaeu.de\/index.php?rest_route=\/wp\/v2\/users\/3"}],"replies":[{"embeddable":true,"href":"https:\/\/www.kranprofisallgaeu.de\/index.php?rest_route=%2Fwp%2Fv2%2Fcomments&post=732"}],"version-history":[{"count":5,"href":"https:\/\/www.kranprofisallgaeu.de\/index.php?rest_route=\/wp\/v2\/pages\/732\/revisions"}],"predecessor-version":[{"id":920,"href":"https:\/\/www.kranprofisallgaeu.de\/index.php?rest_route=\/wp\/v2\/pages\/732\/revisions\/920"}],"up":[{"embeddable":true,"href":"https:\/\/www.kranprofisallgaeu.de\/index.php?rest_route=\/wp\/v2\/pages\/504"}],"wp:featuredmedia":[{"embeddable":true,"href":"https:\/\/www.kranprofisallgaeu.de\/index.php?rest_route=\/wp\/v2\/media\/1089"}],"wp:attachment":[{"href":"https:\/\/www.kranprofisallgaeu.de\/index.php?rest_route=%2Fwp%2Fv2%2Fmedia&parent=732"}],"curies":[{"name":"wp","href":"https:\/\/api.w.org\/{rel}","templated":true}]}}

<p>Mit dem sehr effizienten Palettensystem werden vor allem überhohe Wandelemente transportiert, die dann vor Ort nicht sofort entladen werden müssen, da sie mit den Paletten abgesetzt werden. </p>



<ul class="wp-block-list"><li><a href="https://www.ftw-allgaeu.de">FTW Allgäu GmbH</a></li></ul>



<p>&nbsp;</p>
<p>&nbsp;</p>

<p>Mit dem sehr effizienten Palettensystem werden vor allem überhohe Wandelemente transportiert, die dann vor Ort nicht sofort entladen werden müssen, da sie mit den Paletten abgesetzt werden. FTW Allgäu GmbH &nbsp; &nbsp;</p>
