{"id":696,"date":"2018-05-14T15:10:13","date_gmt":"2018-05-14T15:10:13","guid":{"rendered":"http:\/\/www.kranprofisallgaeu.de\/?page_id=696"},"modified":"2020-05-11T08:01:23","modified_gmt":"2020-05-11T08:01:23","slug":"stapler","status":"publish","type":"page","link":"https:\/\/www.kranprofisallgaeu.de\/?page_id=696","title":{"rendered":"Service"},"content":{"rendered":"\n<p>Um unseren Kunden einen allumfassenden Service bieten zu k\u00f6nnen, sind wir bem\u00fcht das gesamte Spektrum vom St\u00f6rungsdienst \u00fcber die Ersatzteilbeschaffung bis zur Instandsetzung anzubieten.<\/p>\n\n\n\n<ul class=\"wp-block-list\"><li><a href=\"https:\/\/www.kranprofisallgaeu.de\/?page_id=738\">Fremdmontage<\/a><\/li><li><a href=\"https:\/\/www.kranprofisallgaeu.de\/?page_id=740\">Reparatur \/ Ersatzteile<\/a><\/li><li><a href=\"https:\/\/www.kranprofisallgaeu.de\/?page_id=744\">UVV \/ Pr\u00fcfung<\/a><\/li><\/ul>\n\n\n\n<p>&nbsp;<\/p>\n<p>&nbsp;<\/p>\n","protected":false},"excerpt":{"rendered":"<p>Um unseren Kunden einen allumfassenden Service bieten zu k\u00f6nnen, sind wir bem\u00fcht das gesamte Spektrum vom St\u00f6rungsdienst \u00fcber die Ersatzteilbeschaffung bis zur Instandsetzung anzubieten. Fremdmontage Reparatur \/ Ersatzteile UVV \/ Pr\u00fcfung &nbsp; &nbsp;<\/p>\n","protected":false},"author":3,"featured_media":1080,"parent":0,"menu_order":5,"comment_status":"closed","ping_status":"closed","template":"","meta":{"footnotes":""},"class_list":["post-696","page","type-page","status-publish","has-post-thumbnail","hentry"],"_links":{"self":[{"href":"https:\/\/www.kranprofisallgaeu.de\/index.php?rest_route=\/wp\/v2\/pages\/696","targetHints":{"allow":["GET"]}}],"collection":[{"href":"https:\/\/www.kranprofisallgaeu.de\/index.php?rest_route=\/wp\/v2\/pages"}],"about":[{"href":"https:\/\/www.kranprofisallgaeu.de\/index.php?rest_route=\/wp\/v2\/types\/page"}],"author":[{"embeddable":true,"href":"https:\/\/www.kranprofisallgaeu.de\/index.php?rest_route=\/wp\/v2\/users\/3"}],"replies":[{"embeddable":true,"href":"https:\/\/www.kranprofisallgaeu.de\/index.php?rest_route=%2Fwp%2Fv2%2Fcomments&post=696"}],"version-history":[{"count":14,"href":"https:\/\/www.kranprofisallgaeu.de\/index.php?rest_route=\/wp\/v2\/pages\/696\/revisions"}],"predecessor-version":[{"id":1143,"href":"https:\/\/www.kranprofisallgaeu.de\/index.php?rest_route=\/wp\/v2\/pages\/696\/revisions\/1143"}],"wp:featuredmedia":[{"embeddable":true,"href":"https:\/\/www.kranprofisallgaeu.de\/index.php?rest_route=\/wp\/v2\/media\/1080"}],"wp:attachment":[{"href":"https:\/\/www.kranprofisallgaeu.de\/index.php?rest_route=%2Fwp%2Fv2%2Fmedia&parent=696"}],"curies":[{"name":"wp","href":"https:\/\/api.w.org\/{rel}","templated":true}]}}